












{"id":10906,"date":"2024-01-11T15:40:47","date_gmt":"2024-01-11T14:40:47","guid":{"rendered":"https:\/\/www.kfz-biermair.at\/?post_type=product&#038;p=10906"},"modified":"2024-01-11T15:40:48","modified_gmt":"2024-01-11T14:40:48","slug":"stossdaempfereinsatz-vw-golf-i-jetta-i-scirocco-i","status":"publish","type":"product","link":"https:\/\/www.kfz-biermair.at\/?product=stossdaempfereinsatz-vw-golf-i-jetta-i-scirocco-i","title":{"rendered":"Sto\u00dfd\u00e4mpfereinsatz &#8211; VW Golf I\/Jetta I\/Scirocco I"},"content":{"rendered":"","protected":false},"excerpt":{"rendered":"<p>Sto\u00dfd\u00e4mpfereinsatz f\u00fcr VW Golf I\/Jetta I\/Scirocco I<br \/>\nmit neuer \u00dcberwurfmutter<br \/>\n171 412 031 B\/C<br \/>\nPreisangabe f\u00fcr beide Sto\u00dfd\u00e4mpfereins\u00e4tze<br \/>\nGebrauchtteil<\/p>\n","protected":false},"featured_media":10907,"template":"","meta":[],"product_brand":[],"product_cat":[43,37,163],"product_tag":[],"class_list":{"0":"post-10906","1":"product","2":"type-product","3":"status-publish","4":"has-post-thumbnail","6":"product_cat-golf-i","7":"product_cat-jetta-i","8":"product_cat-sonstige-vw","10":"first","11":"instock","12":"taxable","13":"shipping-taxable","14":"purchasable","15":"product-type-simple"},"_links":{"self":[{"href":"https:\/\/www.kfz-biermair.at\/index.php?rest_route=\/wp\/v2\/product\/10906","targetHints":{"allow":["GET"]}}],"collection":[{"href":"https:\/\/www.kfz-biermair.at\/index.php?rest_route=\/wp\/v2\/product"}],"about":[{"href":"https:\/\/www.kfz-biermair.at\/index.php?rest_route=\/wp\/v2\/types\/product"}],"wp:featuredmedia":[{"embeddable":true,"href":"https:\/\/www.kfz-biermair.at\/index.php?rest_route=\/wp\/v2\/media\/10907"}],"wp:attachment":[{"href":"https:\/\/www.kfz-biermair.at\/index.php?rest_route=%2Fwp%2Fv2%2Fmedia&parent=10906"}],"wp:term":[{"taxonomy":"product_brand","embeddable":true,"href":"https:\/\/www.kfz-biermair.at\/index.php?rest_route=%2Fwp%2Fv2%2Fproduct_brand&post=10906"},{"taxonomy":"product_cat","embeddable":true,"href":"https:\/\/www.kfz-biermair.at\/index.php?rest_route=%2Fwp%2Fv2%2Fproduct_cat&post=10906"},{"taxonomy":"product_tag","embeddable":true,"href":"https:\/\/www.kfz-biermair.at\/index.php?rest_route=%2Fwp%2Fv2%2Fproduct_tag&post=10906"}],"curies":[{"name":"wp","href":"https:\/\/api.w.org\/{rel}","templated":true}]}}