












{"id":1306,"date":"2021-10-15T15:05:25","date_gmt":"2021-10-15T13:05:25","guid":{"rendered":"https:\/\/www.kfz-biermair.at\/?post_type=product&#038;p=1306"},"modified":"2021-10-15T15:05:25","modified_gmt":"2021-10-15T13:05:25","slug":"pralldaempfer-bmw-5er-gt","status":"publish","type":"product","link":"https:\/\/www.kfz-biermair.at\/?product=pralldaempfer-bmw-5er-gt","title":{"rendered":"Pralld\u00e4mpfer &#8211; BMW 5er GT"},"content":{"rendered":"","protected":false},"excerpt":{"rendered":"<p>Neu- Originalteil<\/p>\n<p>Pralld\u00e4mpfer &#8211; Tr\u00e4ger f\u00fcr Sto\u00dff\u00e4nger vorne<\/p>\n<p>f\u00fcr BMW F 5er GT, Baujahr 2007<\/p>\n","protected":false},"featured_media":1307,"template":"","meta":[],"product_brand":[],"product_cat":[139],"product_tag":[],"class_list":{"0":"post-1306","1":"product","2":"type-product","3":"status-publish","4":"has-post-thumbnail","6":"product_cat-sonstige-bmw","8":"first","9":"instock","10":"taxable","11":"shipping-taxable","12":"purchasable","13":"product-type-simple"},"_links":{"self":[{"href":"https:\/\/www.kfz-biermair.at\/index.php?rest_route=\/wp\/v2\/product\/1306","targetHints":{"allow":["GET"]}}],"collection":[{"href":"https:\/\/www.kfz-biermair.at\/index.php?rest_route=\/wp\/v2\/product"}],"about":[{"href":"https:\/\/www.kfz-biermair.at\/index.php?rest_route=\/wp\/v2\/types\/product"}],"wp:featuredmedia":[{"embeddable":true,"href":"https:\/\/www.kfz-biermair.at\/index.php?rest_route=\/wp\/v2\/media\/1307"}],"wp:attachment":[{"href":"https:\/\/www.kfz-biermair.at\/index.php?rest_route=%2Fwp%2Fv2%2Fmedia&parent=1306"}],"wp:term":[{"taxonomy":"product_brand","embeddable":true,"href":"https:\/\/www.kfz-biermair.at\/index.php?rest_route=%2Fwp%2Fv2%2Fproduct_brand&post=1306"},{"taxonomy":"product_cat","embeddable":true,"href":"https:\/\/www.kfz-biermair.at\/index.php?rest_route=%2Fwp%2Fv2%2Fproduct_cat&post=1306"},{"taxonomy":"product_tag","embeddable":true,"href":"https:\/\/www.kfz-biermair.at\/index.php?rest_route=%2Fwp%2Fv2%2Fproduct_tag&post=1306"}],"curies":[{"name":"wp","href":"https:\/\/api.w.org\/{rel}","templated":true}]}}