












{"id":21589,"date":"2024-08-22T14:05:42","date_gmt":"2024-08-22T12:05:42","guid":{"rendered":"https:\/\/www.kfz-biermair.at\/?post_type=product&#038;p=21589"},"modified":"2024-08-22T14:05:42","modified_gmt":"2024-08-22T12:05:42","slug":"tuerteile-toyota-mr2-aw11","status":"publish","type":"product","link":"https:\/\/www.kfz-biermair.at\/?product=tuerteile-toyota-mr2-aw11","title":{"rendered":"T\u00fcrteile &#8211; Toyota MR2 AW11"},"content":{"rendered":"","protected":false},"excerpt":{"rendered":"<p>T\u00fcrteile f\u00fcr Toyota MR2 AW11<br \/>\nam Bild von der rechten Seite abgebildet<br \/>\nauch von der linken T\u00fcr erh\u00e4ltlich<br \/>\nT\u00fcrgriff, T\u00fcrscheibe, Dichtung, Au\u00dfenspiegel, T\u00fcrschloss, Fensterheber, T\u00fcrfangband, Zierleiste, T\u00fcrschaftleiste<br \/>\nPreis auf Anfrage<br \/>\nGebrauchtteile<\/p>\n","protected":false},"featured_media":21590,"template":"","meta":[],"product_brand":[],"product_cat":[168],"product_tag":[],"class_list":{"0":"post-21589","1":"product","2":"type-product","3":"status-publish","4":"has-post-thumbnail","6":"product_cat-mr2-aw11","8":"first","9":"instock","10":"taxable","11":"shipping-taxable","12":"product-type-simple"},"_links":{"self":[{"href":"https:\/\/www.kfz-biermair.at\/index.php?rest_route=\/wp\/v2\/product\/21589","targetHints":{"allow":["GET"]}}],"collection":[{"href":"https:\/\/www.kfz-biermair.at\/index.php?rest_route=\/wp\/v2\/product"}],"about":[{"href":"https:\/\/www.kfz-biermair.at\/index.php?rest_route=\/wp\/v2\/types\/product"}],"wp:featuredmedia":[{"embeddable":true,"href":"https:\/\/www.kfz-biermair.at\/index.php?rest_route=\/wp\/v2\/media\/21590"}],"wp:attachment":[{"href":"https:\/\/www.kfz-biermair.at\/index.php?rest_route=%2Fwp%2Fv2%2Fmedia&parent=21589"}],"wp:term":[{"taxonomy":"product_brand","embeddable":true,"href":"https:\/\/www.kfz-biermair.at\/index.php?rest_route=%2Fwp%2Fv2%2Fproduct_brand&post=21589"},{"taxonomy":"product_cat","embeddable":true,"href":"https:\/\/www.kfz-biermair.at\/index.php?rest_route=%2Fwp%2Fv2%2Fproduct_cat&post=21589"},{"taxonomy":"product_tag","embeddable":true,"href":"https:\/\/www.kfz-biermair.at\/index.php?rest_route=%2Fwp%2Fv2%2Fproduct_tag&post=21589"}],"curies":[{"name":"wp","href":"https:\/\/api.w.org\/{rel}","templated":true}]}}