












{"id":21706,"date":"2024-08-22T16:10:06","date_gmt":"2024-08-22T14:10:06","guid":{"rendered":"https:\/\/www.kfz-biermair.at\/?post_type=product&#038;p=21706"},"modified":"2024-08-22T16:10:06","modified_gmt":"2024-08-22T14:10:06","slug":"steuergeraet-audi-a4-b8-a6-4f-a5-8t","status":"publish","type":"product","link":"https:\/\/www.kfz-biermair.at\/?product=steuergeraet-audi-a4-b8-a6-4f-a5-8t","title":{"rendered":"Steuerger\u00e4t &#8211; Audi A4 B8, A6 4F, A5 8T"},"content":{"rendered":"","protected":false},"excerpt":{"rendered":"<p>Steuerger\u00e4t f\u00fcr Audi A4 B8, A6 4F, A5 8T<br \/>\n4F0 035 053 B<br \/>\nGebrauchtteil<\/p>\n","protected":false},"featured_media":21707,"template":"","meta":[],"product_brand":[],"product_cat":[144,150],"product_tag":[],"class_list":{"0":"post-21706","1":"product","2":"type-product","3":"status-publish","4":"has-post-thumbnail","6":"product_cat-a4-b8","7":"product_cat-sonstige-audi","9":"first","10":"instock","11":"taxable","12":"shipping-taxable","13":"purchasable","14":"product-type-simple"},"_links":{"self":[{"href":"https:\/\/www.kfz-biermair.at\/index.php?rest_route=\/wp\/v2\/product\/21706","targetHints":{"allow":["GET"]}}],"collection":[{"href":"https:\/\/www.kfz-biermair.at\/index.php?rest_route=\/wp\/v2\/product"}],"about":[{"href":"https:\/\/www.kfz-biermair.at\/index.php?rest_route=\/wp\/v2\/types\/product"}],"wp:featuredmedia":[{"embeddable":true,"href":"https:\/\/www.kfz-biermair.at\/index.php?rest_route=\/wp\/v2\/media\/21707"}],"wp:attachment":[{"href":"https:\/\/www.kfz-biermair.at\/index.php?rest_route=%2Fwp%2Fv2%2Fmedia&parent=21706"}],"wp:term":[{"taxonomy":"product_brand","embeddable":true,"href":"https:\/\/www.kfz-biermair.at\/index.php?rest_route=%2Fwp%2Fv2%2Fproduct_brand&post=21706"},{"taxonomy":"product_cat","embeddable":true,"href":"https:\/\/www.kfz-biermair.at\/index.php?rest_route=%2Fwp%2Fv2%2Fproduct_cat&post=21706"},{"taxonomy":"product_tag","embeddable":true,"href":"https:\/\/www.kfz-biermair.at\/index.php?rest_route=%2Fwp%2Fv2%2Fproduct_tag&post=21706"}],"curies":[{"name":"wp","href":"https:\/\/api.w.org\/{rel}","templated":true}]}}