












{"id":22222,"date":"2024-10-10T08:05:15","date_gmt":"2024-10-10T06:05:15","guid":{"rendered":"https:\/\/www.kfz-biermair.at\/?post_type=product&#038;p=22222"},"modified":"2024-10-10T08:05:16","modified_gmt":"2024-10-10T06:05:16","slug":"motorsteuergeraet-opel-astra-f","status":"publish","type":"product","link":"https:\/\/www.kfz-biermair.at\/?product=motorsteuergeraet-opel-astra-f","title":{"rendered":"Motorsteuerger\u00e4t &#8211; Opel Astra F"},"content":{"rendered":"","protected":false},"excerpt":{"rendered":"<p>Motorsteuerger\u00e4t f\u00fcr Opel Astra F<br \/>\n161 830 49<br \/>\nGebrauchtteil<\/p>\n","protected":false},"featured_media":22223,"template":"","meta":[],"product_brand":[],"product_cat":[190],"product_tag":[],"class_list":{"0":"post-22222","1":"product","2":"type-product","3":"status-publish","4":"has-post-thumbnail","6":"product_cat-astra","8":"first","9":"instock","10":"taxable","11":"shipping-taxable","12":"purchasable","13":"product-type-simple"},"_links":{"self":[{"href":"https:\/\/www.kfz-biermair.at\/index.php?rest_route=\/wp\/v2\/product\/22222","targetHints":{"allow":["GET"]}}],"collection":[{"href":"https:\/\/www.kfz-biermair.at\/index.php?rest_route=\/wp\/v2\/product"}],"about":[{"href":"https:\/\/www.kfz-biermair.at\/index.php?rest_route=\/wp\/v2\/types\/product"}],"wp:featuredmedia":[{"embeddable":true,"href":"https:\/\/www.kfz-biermair.at\/index.php?rest_route=\/wp\/v2\/media\/22223"}],"wp:attachment":[{"href":"https:\/\/www.kfz-biermair.at\/index.php?rest_route=%2Fwp%2Fv2%2Fmedia&parent=22222"}],"wp:term":[{"taxonomy":"product_brand","embeddable":true,"href":"https:\/\/www.kfz-biermair.at\/index.php?rest_route=%2Fwp%2Fv2%2Fproduct_brand&post=22222"},{"taxonomy":"product_cat","embeddable":true,"href":"https:\/\/www.kfz-biermair.at\/index.php?rest_route=%2Fwp%2Fv2%2Fproduct_cat&post=22222"},{"taxonomy":"product_tag","embeddable":true,"href":"https:\/\/www.kfz-biermair.at\/index.php?rest_route=%2Fwp%2Fv2%2Fproduct_tag&post=22222"}],"curies":[{"name":"wp","href":"https:\/\/api.w.org\/{rel}","templated":true}]}}