












{"id":25527,"date":"2025-07-31T09:48:54","date_gmt":"2025-07-31T07:48:54","guid":{"rendered":"https:\/\/www.kfz-biermair.at\/?post_type=product&#038;p=25527"},"modified":"2025-07-31T09:48:54","modified_gmt":"2025-07-31T07:48:54","slug":"lampentraeger-li-opel-astra-f","status":"publish","type":"product","link":"https:\/\/www.kfz-biermair.at\/?product=lampentraeger-li-opel-astra-f","title":{"rendered":"Lampentr\u00e4ger li. &#8211; Opel Astra-F"},"content":{"rendered":"","protected":false},"excerpt":{"rendered":"<p>Lampentr\u00e4ger li. f\u00fcr Opel Astra-F<br \/>\n394.449<br \/>\nGebrauchtteil<\/p>\n","protected":false},"featured_media":25528,"template":"","meta":[],"product_brand":[],"product_cat":[190],"product_tag":[],"class_list":{"0":"post-25527","1":"product","2":"type-product","3":"status-publish","4":"has-post-thumbnail","6":"product_cat-astra","8":"first","9":"instock","10":"taxable","11":"shipping-taxable","12":"purchasable","13":"product-type-simple"},"_links":{"self":[{"href":"https:\/\/www.kfz-biermair.at\/index.php?rest_route=\/wp\/v2\/product\/25527","targetHints":{"allow":["GET"]}}],"collection":[{"href":"https:\/\/www.kfz-biermair.at\/index.php?rest_route=\/wp\/v2\/product"}],"about":[{"href":"https:\/\/www.kfz-biermair.at\/index.php?rest_route=\/wp\/v2\/types\/product"}],"wp:featuredmedia":[{"embeddable":true,"href":"https:\/\/www.kfz-biermair.at\/index.php?rest_route=\/wp\/v2\/media\/25528"}],"wp:attachment":[{"href":"https:\/\/www.kfz-biermair.at\/index.php?rest_route=%2Fwp%2Fv2%2Fmedia&parent=25527"}],"wp:term":[{"taxonomy":"product_brand","embeddable":true,"href":"https:\/\/www.kfz-biermair.at\/index.php?rest_route=%2Fwp%2Fv2%2Fproduct_brand&post=25527"},{"taxonomy":"product_cat","embeddable":true,"href":"https:\/\/www.kfz-biermair.at\/index.php?rest_route=%2Fwp%2Fv2%2Fproduct_cat&post=25527"},{"taxonomy":"product_tag","embeddable":true,"href":"https:\/\/www.kfz-biermair.at\/index.php?rest_route=%2Fwp%2Fv2%2Fproduct_tag&post=25527"}],"curies":[{"name":"wp","href":"https:\/\/api.w.org\/{rel}","templated":true}]}}

Lampenträger li. &#8211; Opel Astra-F

<p>Lampenträger li. für Opel Astra-F<br />
394.449<br />
Gebrauchtteil</p>
