












{"id":25533,"date":"2025-07-31T09:54:06","date_gmt":"2025-07-31T07:54:06","guid":{"rendered":"https:\/\/www.kfz-biermair.at\/?post_type=product&#038;p=25533"},"modified":"2025-07-31T09:54:06","modified_gmt":"2025-07-31T07:54:06","slug":"ruecklicht-li-opel-corsa-a","status":"publish","type":"product","link":"https:\/\/www.kfz-biermair.at\/?product=ruecklicht-li-opel-corsa-a","title":{"rendered":"R\u00fccklicht li. &#8211; Opel Corsa A"},"content":{"rendered":"","protected":false},"excerpt":{"rendered":"<p>R\u00fccklicht li. f\u00fcr Opel Corsa A<br \/>\n597 3913<br \/>\nGebrauchtteil<\/p>\n","protected":false},"featured_media":25534,"template":"","meta":[],"product_brand":[],"product_cat":[87],"product_tag":[],"class_list":{"0":"post-25533","1":"product","2":"type-product","3":"status-publish","4":"has-post-thumbnail","6":"product_cat-corsa","8":"first","9":"instock","10":"taxable","11":"shipping-taxable","12":"purchasable","13":"product-type-simple"},"_links":{"self":[{"href":"https:\/\/www.kfz-biermair.at\/index.php?rest_route=\/wp\/v2\/product\/25533","targetHints":{"allow":["GET"]}}],"collection":[{"href":"https:\/\/www.kfz-biermair.at\/index.php?rest_route=\/wp\/v2\/product"}],"about":[{"href":"https:\/\/www.kfz-biermair.at\/index.php?rest_route=\/wp\/v2\/types\/product"}],"wp:featuredmedia":[{"embeddable":true,"href":"https:\/\/www.kfz-biermair.at\/index.php?rest_route=\/wp\/v2\/media\/25534"}],"wp:attachment":[{"href":"https:\/\/www.kfz-biermair.at\/index.php?rest_route=%2Fwp%2Fv2%2Fmedia&parent=25533"}],"wp:term":[{"taxonomy":"product_brand","embeddable":true,"href":"https:\/\/www.kfz-biermair.at\/index.php?rest_route=%2Fwp%2Fv2%2Fproduct_brand&post=25533"},{"taxonomy":"product_cat","embeddable":true,"href":"https:\/\/www.kfz-biermair.at\/index.php?rest_route=%2Fwp%2Fv2%2Fproduct_cat&post=25533"},{"taxonomy":"product_tag","embeddable":true,"href":"https:\/\/www.kfz-biermair.at\/index.php?rest_route=%2Fwp%2Fv2%2Fproduct_tag&post=25533"}],"curies":[{"name":"wp","href":"https:\/\/api.w.org\/{rel}","templated":true}]}}