












{"id":3913,"date":"2022-06-10T13:18:48","date_gmt":"2022-06-10T11:18:48","guid":{"rendered":"https:\/\/www.kfz-biermair.at\/?post_type=product&#038;p=3913"},"modified":"2024-03-13T08:58:24","modified_gmt":"2024-03-13T07:58:24","slug":"ladeluftkuehler-peugeot-expert-2007-16hdi","status":"publish","type":"product","link":"https:\/\/www.kfz-biermair.at\/?product=ladeluftkuehler-peugeot-expert-2007-16hdi","title":{"rendered":"Ladeluftk\u00fchler &#8211; Peugeot Expert &#8211; 2007 &#8211; 1,6HDI"},"content":{"rendered":"","protected":false},"excerpt":{"rendered":"<p>Ladeluftk\u00fchler mit 2 Schl\u00e4uche f\u00fcr Peugeot Expert ab Bj. 2007<\/p>\n<p>1,6HDi<\/p>\n<p>Gebrauchtteil !!<\/p>\n<p>&nbsp;<\/p>\n","protected":false},"featured_media":3914,"template":"","meta":[],"product_brand":[],"product_cat":[201],"product_tag":[],"class_list":{"0":"post-3913","1":"product","2":"type-product","3":"status-publish","4":"has-post-thumbnail","6":"product_cat-expert","8":"first","9":"instock","10":"taxable","11":"shipping-taxable","12":"purchasable","13":"product-type-simple"},"_links":{"self":[{"href":"https:\/\/www.kfz-biermair.at\/index.php?rest_route=\/wp\/v2\/product\/3913","targetHints":{"allow":["GET"]}}],"collection":[{"href":"https:\/\/www.kfz-biermair.at\/index.php?rest_route=\/wp\/v2\/product"}],"about":[{"href":"https:\/\/www.kfz-biermair.at\/index.php?rest_route=\/wp\/v2\/types\/product"}],"wp:featuredmedia":[{"embeddable":true,"href":"https:\/\/www.kfz-biermair.at\/index.php?rest_route=\/wp\/v2\/media\/3914"}],"wp:attachment":[{"href":"https:\/\/www.kfz-biermair.at\/index.php?rest_route=%2Fwp%2Fv2%2Fmedia&parent=3913"}],"wp:term":[{"taxonomy":"product_brand","embeddable":true,"href":"https:\/\/www.kfz-biermair.at\/index.php?rest_route=%2Fwp%2Fv2%2Fproduct_brand&post=3913"},{"taxonomy":"product_cat","embeddable":true,"href":"https:\/\/www.kfz-biermair.at\/index.php?rest_route=%2Fwp%2Fv2%2Fproduct_cat&post=3913"},{"taxonomy":"product_tag","embeddable":true,"href":"https:\/\/www.kfz-biermair.at\/index.php?rest_route=%2Fwp%2Fv2%2Fproduct_tag&post=3913"}],"curies":[{"name":"wp","href":"https:\/\/api.w.org\/{rel}","templated":true}]}}