











{"id":5719,"date":"2023-04-06T16:13:59","date_gmt":"2023-04-06T14:13:59","guid":{"rendered":"https:\/\/www.kfz-biermair.at\/?post_type=product&#038;p=5719"},"modified":"2023-04-06T16:14:00","modified_gmt":"2023-04-06T14:14:00","slug":"a-b-c-saeulenverkleidung-vw-golf-iii-kombi","status":"publish","type":"product","link":"https:\/\/www.kfz-biermair.at\/?product=a-b-c-saeulenverkleidung-vw-golf-iii-kombi","title":{"rendered":"A-B-C- S\u00e4ulenverkleidung- VW Golf III Kombi"},"content":{"rendered":"","protected":false},"excerpt":{"rendered":"<p>A-B-C- S\u00e4ulenverkleidung f\u00fcr VW Golf III Kombi<br \/>\nPreis pro St\u00fcck<br \/>\nTeilenummer: 1H9 867 247<br \/>\n             1H9 867 248<br \/>\n             1H9 867 296<br \/>\n             1H9 867 295<br \/>\nOriginalteile<br \/>\nGebrauchtteile !!<\/p>\n","protected":false},"featured_media":5720,"template":"","meta":[],"product_brand":[],"product_cat":[41],"product_tag":[],"class_list":["post-5719","product","type-product","status-publish","has-post-thumbnail","product_cat-golf-iii","first","instock","taxable","shipping-taxable","purchasable","product-type-simple"],"_links":{"self":[{"href":"https:\/\/www.kfz-biermair.at\/index.php?rest_route=\/wp\/v2\/product\/5719","targetHints":{"allow":["GET"]}}],"collection":[{"href":"https:\/\/www.kfz-biermair.at\/index.php?rest_route=\/wp\/v2\/product"}],"about":[{"href":"https:\/\/www.kfz-biermair.at\/index.php?rest_route=\/wp\/v2\/types\/product"}],"wp:featuredmedia":[{"embeddable":true,"href":"https:\/\/www.kfz-biermair.at\/index.php?rest_route=\/wp\/v2\/media\/5720"}],"wp:attachment":[{"href":"https:\/\/www.kfz-biermair.at\/index.php?rest_route=%2Fwp%2Fv2%2Fmedia&parent=5719"}],"wp:term":[{"taxonomy":"product_brand","embeddable":true,"href":"https:\/\/www.kfz-biermair.at\/index.php?rest_route=%2Fwp%2Fv2%2Fproduct_brand&post=5719"},{"taxonomy":"product_cat","embeddable":true,"href":"https:\/\/www.kfz-biermair.at\/index.php?rest_route=%2Fwp%2Fv2%2Fproduct_cat&post=5719"},{"taxonomy":"product_tag","embeddable":true,"href":"https:\/\/www.kfz-biermair.at\/index.php?rest_route=%2Fwp%2Fv2%2Fproduct_tag&post=5719"}],"curies":[{"name":"wp","href":"https:\/\/api.w.org\/{rel}","templated":true}]}}

A-B-C- Säulenverkleidung- VW Golf III Kombi

<p>A-B-C- Säulenverkleidung für VW Golf III Kombi<br />
Preis pro Stück<br />
Teilenummer: 1H9 867 247<br />
             1H9 867 248<br />
             1H9 867 296<br />
             1H9 867 295<br />
Originalteile<br />
Gebrauchtteile !!</p>
