












{"id":6929,"date":"2023-08-23T11:44:05","date_gmt":"2023-08-23T09:44:05","guid":{"rendered":"https:\/\/www.kfz-biermair.at\/?post_type=product&#038;p=6929"},"modified":"2023-08-31T07:12:34","modified_gmt":"2023-08-31T05:12:34","slug":"stossstange-hinten-audi-a5","status":"publish","type":"product","link":"https:\/\/www.kfz-biermair.at\/?product=stossstange-hinten-audi-a5","title":{"rendered":"Sto\u00dfstange hinten &#8211; Audi A5"},"content":{"rendered":"","protected":false},"excerpt":{"rendered":"<p>Sto\u00dfstange  mit PDC f\u00fcr Audi A5<br \/>\nBaujahr 2013<br \/>\n8T8 807 511 F<br \/>\n8T8 807 385 C<br \/>\nBesch\u00e4digung siehe Bilder<br \/>\nalle Halter OK!<br \/>\nGebrauchtteil<\/p>\n","protected":false},"featured_media":6930,"template":"","meta":[],"product_brand":[],"product_cat":[150],"product_tag":[],"class_list":{"0":"post-6929","1":"product","2":"type-product","3":"status-publish","4":"has-post-thumbnail","6":"product_cat-sonstige-audi","8":"first","9":"instock","10":"taxable","11":"shipping-taxable","12":"purchasable","13":"product-type-simple"},"_links":{"self":[{"href":"https:\/\/www.kfz-biermair.at\/index.php?rest_route=\/wp\/v2\/product\/6929","targetHints":{"allow":["GET"]}}],"collection":[{"href":"https:\/\/www.kfz-biermair.at\/index.php?rest_route=\/wp\/v2\/product"}],"about":[{"href":"https:\/\/www.kfz-biermair.at\/index.php?rest_route=\/wp\/v2\/types\/product"}],"wp:featuredmedia":[{"embeddable":true,"href":"https:\/\/www.kfz-biermair.at\/index.php?rest_route=\/wp\/v2\/media\/6930"}],"wp:attachment":[{"href":"https:\/\/www.kfz-biermair.at\/index.php?rest_route=%2Fwp%2Fv2%2Fmedia&parent=6929"}],"wp:term":[{"taxonomy":"product_brand","embeddable":true,"href":"https:\/\/www.kfz-biermair.at\/index.php?rest_route=%2Fwp%2Fv2%2Fproduct_brand&post=6929"},{"taxonomy":"product_cat","embeddable":true,"href":"https:\/\/www.kfz-biermair.at\/index.php?rest_route=%2Fwp%2Fv2%2Fproduct_cat&post=6929"},{"taxonomy":"product_tag","embeddable":true,"href":"https:\/\/www.kfz-biermair.at\/index.php?rest_route=%2Fwp%2Fv2%2Fproduct_tag&post=6929"}],"curies":[{"name":"wp","href":"https:\/\/api.w.org\/{rel}","templated":true}]}}