












{"id":8806,"date":"2023-10-19T11:53:06","date_gmt":"2023-10-19T09:53:06","guid":{"rendered":"https:\/\/www.kfz-biermair.at\/?post_type=product&#038;p=8806"},"modified":"2023-10-19T11:53:06","modified_gmt":"2023-10-19T09:53:06","slug":"tuer-links-vorne-ford-escort-5-1990-1994","status":"publish","type":"product","link":"https:\/\/www.kfz-biermair.at\/?product=tuer-links-vorne-ford-escort-5-1990-1994","title":{"rendered":"T\u00fcr links vorne &#8211; Ford Escort 5 1990-1994"},"content":{"rendered":"","protected":false},"excerpt":{"rendered":"<p>T\u00fcr links vorne f\u00fcr Ford Escort 5 1990-1994<br \/>\nZustand links vorne<br \/>\nGebrauchtteil<\/p>\n","protected":false},"featured_media":8807,"template":"","meta":[],"product_brand":[],"product_cat":[124],"product_tag":[],"class_list":{"0":"post-8806","1":"product","2":"type-product","3":"status-publish","4":"has-post-thumbnail","6":"product_cat-sonstige-ford","8":"first","9":"instock","10":"taxable","11":"shipping-taxable","12":"purchasable","13":"product-type-simple"},"_links":{"self":[{"href":"https:\/\/www.kfz-biermair.at\/index.php?rest_route=\/wp\/v2\/product\/8806","targetHints":{"allow":["GET"]}}],"collection":[{"href":"https:\/\/www.kfz-biermair.at\/index.php?rest_route=\/wp\/v2\/product"}],"about":[{"href":"https:\/\/www.kfz-biermair.at\/index.php?rest_route=\/wp\/v2\/types\/product"}],"wp:featuredmedia":[{"embeddable":true,"href":"https:\/\/www.kfz-biermair.at\/index.php?rest_route=\/wp\/v2\/media\/8807"}],"wp:attachment":[{"href":"https:\/\/www.kfz-biermair.at\/index.php?rest_route=%2Fwp%2Fv2%2Fmedia&parent=8806"}],"wp:term":[{"taxonomy":"product_brand","embeddable":true,"href":"https:\/\/www.kfz-biermair.at\/index.php?rest_route=%2Fwp%2Fv2%2Fproduct_brand&post=8806"},{"taxonomy":"product_cat","embeddable":true,"href":"https:\/\/www.kfz-biermair.at\/index.php?rest_route=%2Fwp%2Fv2%2Fproduct_cat&post=8806"},{"taxonomy":"product_tag","embeddable":true,"href":"https:\/\/www.kfz-biermair.at\/index.php?rest_route=%2Fwp%2Fv2%2Fproduct_tag&post=8806"}],"curies":[{"name":"wp","href":"https:\/\/api.w.org\/{rel}","templated":true}]}}